22. Let b = 3 - -15. Calculate the remainder when i is divided by b.
15
Suppose 0*x = 4*x - 40. Calculate the remainder when 16 is divided by x.
6
Suppose -2*y = -6*y + 32. Suppose 2*n - 4*n + 14 = 0. Suppose -h + 8 = -n. What is the remainder when h is divided by y?
7
Suppose 3*m + m = -64. Let w be (-6)/(-2) - (4 + 7). Let p = w - m. What is the remainder when p is divided by 3?
2
Let v be 84/(-15)*(-15)/6. Suppose -5*h - 4 + v = 0. What is the remainder when 2 is divided by h?
0
Suppose 4*c = 199 - 15. Suppose -25 = -3*y + 11. What is the remainder when c is divided by y?
10
Suppose 0 = h + 4*h - 2*y - 100, 0 = 4*h - 5*y - 97. What is the remainder when 48 is divided by h?
12
Suppose -4*v = -2*t + 20, 8 - 20 = -2*t + 2*v. Suppose t*f - 6*f = -52. What is the remainder when 24 is divided by f?
11
Let l be ((-69)/(-12))/((-2)/8). Let y = 58 + l. What is the remainder when y is divided by 12?
11
Suppose -28 = -3*k + 4*v, -3*k = -5*k - v + 4. Let w = 3 - 1. Calculate the remainder when w + 0 - 2 - -6 is divided by k.
2
Let d(z) = -z**3 + 6*z**2 - 5*z - 6. Calculate the remainder when 15 is divided by d(4).
3
Let c(u) be the first derivative of u**3/3 + 11*u**2/2 + 9*u - 2. Let r be c(-8). Let i = 27 + r. Calculate the remainder when 35 is divided by i.
11
Let g = 86 + -55. Calculate the remainder when g is divided by (18/(-4) - 1)*-2.
9
Suppose z + 22 = -z. Let h = z + 22. What is the remainder when 494/78*(1 - -2) is divided by h?
8
Let h(a) = a**2 + 5*a - 2. Let z be (3/6)/((-2)/(-36)). What is the remainder when z + 2 + -1 + 1 is divided by h(-6)?
3
Suppose 3*j + f = 29, 0*j + 3*j - 27 = -3*f. Let d be (-1 - -1)*(0 + 1). Let z = j - d. Calculate the remainder when 19 is divided by z.
9
Let m = -1 - -2. Suppose -4*k - 1 = -2*t + 7, -3*k - 6 = -5*t. Calculate the remainder when m is divided by (-4)/8*4/k.
0
Let d = 47 - 17. What is the remainder when d is divided by 16?
14
Let k be (-2)/1 - -2*1. Suppose k = 3*p + p. Suppose 2*x - 20 = 6*x, -4*i + x + 125 = p. What is the remainder when i is divided by 16?
14
Let f = 82 - 67. Let h = -5 - -14. Calculate the remainder when f is divided by h.
6
Let l(a) = -a**3 + 7*a**2 + 10*a + 1. What is the remainder when l(8) is divided by 6?
5
Suppose -2*p = -7*p, 3*k = p + 72. Suppose 0 = 2*a - 0*a - k. Suppose a = 5*s - 133. Calculate the remainder when s is divided by 15.
14
Let w(o) = -2*o**2 - 56*o - 1. What is the remainder when w(-26) is divided by 21?
19
Let g(a) = 6*a**2 - a. Let b be g(1). Calculate the remainder when (60/5)/(2/b) is divided by 8.
6
Suppose 9 = t - 2. What is the remainder when t is divided by 3?
2
Suppose 2*s - 2 = 0, -14 = 2*i + 2*s - 46. Suppose 2*q = 67 + i. What is the remainder when q is divided by 11?
8
Let f = -98 - -110. Calculate the remainder when 20 is divided by f.
8
What is the remainder when (-88)/(-6) + ((-16)/6)/4 is divided by 8?
6
Let j(p) = -11*p - 1. Let u = -32 + 49. Calculate the remainder when j(-3) is divided by 2*(-1)/((-2)/u).
15
Let f be 1/5 + (-238)/(-10). Suppose -3*s = -0*s - f. Calculate the remainder when ((-6)/5)/((-18)/210) is divided by s.
6
Let q(m) = m**2 - 2*m + 1. Let c be 9/18 - 5/2. Calculate the remainder when 24 is divided by q(c).
6
Suppose -91 = -2*o - 29. Calculate the remainder when o is divided by 3/(-27)*3 - 102/(-9).
9
Let a be 43/(-5) + (-8)/20. Let j = -2 - a. What is the remainder when 11 is divided by j?
4
Let z(y) = -2*y - 4. Let n be z(-8). Suppose 109 = 3*w + q + n, 3*w - 4*q - 92 = 0. What is the remainder when w is divided by 11?
10
Suppose k = h - k + 8, 4*h + 3*k = -43. Let y = 6 + h. Calculate the remainder when 4 is divided by y/(-6)*(-9)/(-3).
0
Suppose 5 = 3*i - 7. Let m(o) = -o + 7. Let t be m(-8). Suppose 3 + t = 3*q. Calculate the remainder when q is divided by i.
2
Suppose 3*d - 2 - 1 = 0. Let v = -3 + d. Let n = v + 9. Calculate the remainder when 13 is divided by n.
6
What is the remainder when -2 + 17 + (-6)/(-3) is divided by 11?
6
Let l = -161 + 187. What is the remainder when 77 is divided by l?
25
What is the remainder when -3 + (-1260)/(-24)*8/10 is divided by 8?
7
Suppose -5*s = 5*a - 65, -2*s + 7*s - 101 = 4*a. Suppose y - s = -3. What is the remainder when 26 is divided by y?
12
Let s = -10 - -8. Let k(j) = 4*j**2 - 2*j. What is the remainder when k(s) is divided by (0/2 + -11)*-1?
9
Let j(x) = x - 13. Let i be j(6). Let t be (28/(-6))/((-1)/3). Let q = t + i. Calculate the remainder when 19 is divided by q.
5
Let v = -25 - -45. Suppose -3*s + 7*n = 3*n + 20, 3*s = -4*n + 20. Suppose s = -b + 5*b - v. What is the remainder when 8 is divided by b?
3
Let q be (-12)/30*(-1 - 9). Suppose 127 + 41 = q*m. Calculate the remainder when m is divided by 22.
20
Suppose -4*y = -6*y + 38. What is the remainder when 37 is divided by y?
18
Suppose -o = -4*j + 12 + 25, -4*j + 7 = 5*o. Suppose 5*h + 3*l = 43, 11 + 12 = h - 3*l. What is the remainder when h is divided by j/(-20)*30/(-2)?
5
Let x(g) = 3*g**2 - 2*g + 4. Let s = 16 - 27. Let n = 4 - s. What is the remainder when x(4) is divided by n?
14
Suppose -s = -3*s + 10. Let t(x) = -x**3 + 4*x**2 - 3*x. Let j be t(3). Calculate the remainder when j + 22 + (6 - s) is divided by 12.
11
Suppose 66 = p - 4. Calculate the remainder when p is divided by 18.
16
Suppose 18 + 42 = 5*w. Let m = w - 9. Calculate the remainder when 19 is divided by 2/m - 196/(-21).
9
Suppose -3*o - s - 15 = -42, 21 = 3*o - s. What is the remainder when 18 is divided by o?
2
Let d(q) = q**3 - q + 57. Let n be d(0). Suppose 0 = 2*o + 5*c - n, 3*c = 2*c + 3. Calculate the remainder when 41 is divided by o.
20
Suppose 11 = 10*p - 9*p. Let y(f) = f**3 + 7*f**2 + 2*f + 1. What is the remainder when y(-5) is divided by p?
8
Let u be 1/(-2) - (-145)/2. Suppose -u = -3*w - 3*k, w - 4*k = 26 + 3. Let p = 41 - w. What is the remainder when p is divided by 6?
4
What is the remainder when 40 is divided by ((-168)/(-16))/((-3)/(-6))?
19
Suppose 2*r + r = 3*y + 198, -2*y - 330 = -5*r. Calculate the remainder when r is divided by -3 - (48/(-2) - -4).
15
Suppose 5*q = -f + 3*f + 25, 2*f - 3 = q. Suppose 3 + q = 5*b. Suppose -10 = -3*r + 2. What is the remainder when r is divided by b?
0
Suppose s + s + 2*d = -36, 0 = -5*s - 2*d - 75. Let w = 17 - s. What is the remainder when w is divided by 11?
8
Suppose 0 = -5*p + 3*p + 16. Suppose -3*u - 2*l - p = 14, -u = -2*l - 6. Calculate the remainder when u*(2 + -1)*-8 is divided by 11.
10
What is the remainder when 882/35 + 4/5 is divided by 10?
6
Suppose -5*p - 3*d + 92 = 0, 0 = -3*p + 5*p - 5*d - 12. What is the remainder when p is divided by 10?
6
Suppose -r + 2 = -9. Suppose 4*t - r = -31, -2*t = 2*c + 2. Let y = -19 - -30. What is the remainder when y is divided by c?
3
Suppose 5*o - 68 = o. What is the remainder when 66 is divided by o?
15
Suppose 0 = 7*j - 3*j + 2*o - 88, -5*j = -5*o - 95. Suppose -3*u + 82 = y, -2*u + 2*y + 23 = -j. Calculate the remainder when 75 is divided by u.
23
Suppose 10 = 2*r + 5*g - 23, 3*r + 4*g = 32. Suppose 0*f - b = 5*f - 50, -3*b - 59 = -r*f. Calculate the remainder when 31 is divided by f.
9
Let r(m) = -m**2 - 18*m - 4. Let u be r(-8). Suppose 0*s = s - u. What is the remainder when s is divided by 26?
24
Suppose 4*c + 7 - 31 = 0. Suppose 0 = -0*m + 5*m - 5. Suppose v - 31 = 5*j, 3*j - 20 = -3*v + m. Calculate the remainder when v is divided by c.
5
Suppose -2*m + 48 = -46. Let y(o) = 12*o - 168. What is the remainder when m is divided by y(15)?
11
Suppose 2*m = 2*q - 132, 2*m = 5*q - m - 322. What is the remainder when q is divided by (0 - 12)/(3/(-4))?
14
Calculate the remainder when 85 is divided by 9/(-5) + 2 - (-810)/75.
8
What is the remainder when 172 is divided by (6/(-18))/((-1)/177)?
54
What is the remainder when 3 + -6 - (-17)/1 is divided by 5?
4
Let o = 110 - 63. What is the remainder when 182 is divided by o?
41
Let b(w) be the first derivative of -w**4/4 - w**3 + 7*w**2/2 + 3*w + 4. Calculate the remainder when 70 is divided by b(-5).
16
Suppose -5*h + 6 + 9 = 0, 0 = 4*j + h - 167. What is the remainder when j is divided by 22?
19
Let v = 21 - 13. Let y(u) = -u + 11. Let a be y(13). Let z = v + a. What is the remainder when z is divided by 4?
2
Suppose f + 972 = 19*f. Calculate the remainder when 375 is divid